is divided by 513?
384
What is the remainder when 4683 is divided by 403?
250
Calculate the remainder when 25029 is divided by 321.
312
What is the remainder when 1620 is divided by 18?
0
What is the remainder when 22463 is divided by 244?
15
Calculate the remainder when 111335 is divided by 293.
288
What is the remainder when 82259 is divided by 45?
44
Calculate the remainder when 1051 is divided by 373.
305
What is the remainder when 10611 is divided by 5289?
33
What is the remainder when 8090 is divided by 140?
110
What is the remainder when 95299 is divided by 88?
83
Calculate the remainder when 1347 is divided by 1323.
24
Calculate the remainder when 943 is divided by 16.
15
What is the remainder when 89398 is divided by 22348?
6
What is the remainder when 1649 is divided by 136?
17
What is the remainder when 4495 is divided by 347?
331
Calculate the remainder when 11459 is divided by 39.
32
What is the remainder when 23423 is divided by 510?
473
What is the remainder when 1401722 is divided by 5?
2
What is the remainder when 3607 is divided by 82?
81
Calculate the remainder when 713 is divided by 113.
35
What is the remainder when 11835 is divided by 2349?
90
What is the remainder when 8797 is divided by 1746?
67
What is the remainder when 3921 is divided by 3907?
14
What is the remainder when 23408 is divided by 110?
88
What is the remainder when 1518 is divided by 26?
10
Calculate the remainder when 6681 is divided by 17.
0
Calculate the remainder when 171265 is divided by 23.
7
What is the remainder when 50096 is divided by 1915?
306
What is the remainder when 87885 is divided by 48?
45
Calculate the remainder when 31106 is divided by 268.
18
Calculate the remainder when 749 is divided by 583.
166
Calculate the remainder when 4529 is divided by 685.
419
What is the remainder when 22552 is divided by 58?
48
Calculate the remainder when 98249 is divided by 10.
9
What is the remainder when 11138 is divided by 40?
18
What is the remainder when 21244 is divided by 236?
4
Calculate the remainder when 1912 is divided by 299.
118
Calculate the remainder when 92687 is divided by 92520.
167
Calculate the remainder when 1760 is divided by 243.
59
What is the remainder when 1801 is divided by 538?
187
Calculate the remainder when 25505 is divided by 729.
719
What is the remainder when 12240 is divided by 371?
368
What is the remainder when 4535 is divided by 55?
25
Calculate the remainder when 3953 is divided by 986.
9
Calculate the remainder when 5148 is divided by 134.
56
Calculate the remainder when 80680 is divided by 163.
158
Calculate the remainder when 403980 is divided by 659.
13
What is the remainder when 165908 is divided by 47?
45
What is the remainder when 5809 is divided by 169?
63
Calculate the remainder when 45410 is divided by 15129.
23
Calculate the remainder when 3190 is divided by 574.
320
Calculate the remainder when 123928 is divided by 52.
12
What is the remainder when 3438 is divided by 64?
46
Calculate the remainder when 8423 is divided by 400.
23
What is the remainder when 67035 is divided by 242?
1
Calculate the remainder when 8808 is divided by 10.
8
What is the remainder when 13436 is divided by 71?
17
What is the remainder when 7243 is divided by 2385?
88
What is the remainder when 419973 is divided by 2456?
2453
What is the remainder when 1681 is divided by 501?
178
Calculate the remainder when 4263756 is divided by 16.
12
What is the remainder when 104936 is divided by 263?
262
What is the remainder when 883 is divided by 31?
15
What is the remainder when 103561 is divided by 203?
31
Calculate the remainder when 29719 is divided by 367.
359
What is the remainder when 88813 is divided by 58?
15
What is the remainder when 853 is divided by 471?
382
What is the remainder when 5073 is divided by 4982?
91
Calculate the remainder when 37203 is divided by 95.
58
What is the remainder when 4071040 is divided by 9?
7
Calculate the remainder when 1726 is divided by 548.
82
What is the remainder when 2628 is divided by 2598?
30
Calculate the remainder when 99 is divided by 83.
16
Calculate the remainder when 1656 is divided by 273.
18
What is the remainder when 32766 is divided by 512?
510
Calculate the remainder when 1074 is divided by 290.
204
Calculate the remainder when 1640 is divided by 106.
50
Calculate the remainder when 601 is divided by 138.
49
Calculate the remainder when 65148 is divided by 281.
237
What is the remainder when 19163 is divided by 6380?
23
What is the remainder when 287 is divided by 195?
92
What is the remainder when 1740093 is divided by 38?
35
Calculate the remainder when 21050 is divided by 6992.
74
Calculate the remainder when 391 is divided by 13.
1
Calculate the remainder when 25753 is divided by 4290.
13
What is the remainder when 42170 is divided by 168?
2
What is the remainder when 10604 is divided by 20?
4
Calculate the remainder when 1005 is divided by 33.
15
Calculate the remainder when 34225 is divided by 11405.
10
What is the remainder when 317 is divided by 120?
77
Calculate the remainder when 29197 is divided by 7299.
1
What is the remainder when 102883 is divided by 2395?
2293
What is the remainder when 8857 is divided by 261?
244
Calculate the remainder when 13456 is divided by 1035.
1
What is the remainder when 2293 is divided by 7?
4
What is the remainder when 3243 is divided by 3179?
64
What is the remainder when 72413 is divided by 14482?
3
Calculate the remainder when 137064 is divided by 3343.
1
What is the remainder when 1871 is divided by 200?
71
What is the remainder when 49099 is divided by 3067?
27
What is the remainder when 15500 is divided by 5109?
173
What is the remainder when 537467 is divided by 272?
267
What is the remainder when 54276 is divided by 10854?
6
What is the remainder when 10066 is divided by 592?
2
What is the remainder when 1338 is divided by 88?
18
Calculate the remainder when 70705 is divided by 290.
235
What is the remainder when 1784591 is divided by 24?
23
Calculate the remainder when 4371 is divided by 2184.
3
Calculate the remainder when 3205 is divided by 868.
601
Calculate the remainder when 29180 is divided by 292.
272
What is the remainder when 524153 is divided by 5636?
5
What is the remainder when 23380 is divided by 866?
864
What is the remainder when 2186920 is divided by 409?
406
Calculate the remainder when 26266 is divided by 44.
42
What is the remainder when 21260 is divided by 3542?
8
What is the remainder when 54811 is divided by 16?
11
What is the remainder when 31375 is divided by 15?
10
Calculate the remainder when 19104 is divided by 28.
8
Calculate the remainder when 28389 is divided by 389.
381
Calculate the remainder when 2685 is divided by 715.
540
Calculate the remainder when 54725 is divided by 298.
191
What is the remainder when 612 is divided by 55?
7
Calculate the remainder when 8823 is divided by 4404.
15
Calculate the remainder when 10399 is divided by 2543.
227
Calculate the remainder when 12297 is divided by 33.
21
What is the remainder when 560 is divided by 86?
44
Calculate the remainder when 286592 is divided by 2428.
88
What is the remainder when 1467 is divided by 7?
4
What is the remainder when 129822 is divided by 5?
2
Calculate the remainder when 82766 is divided by 24.
14
What is the remainder when 7907 is divided by 113?
110
Calculate the remainder when 112984 is divided by 295.
294
Calculate the remainder when 14042 is divided by 56.
42
Calculate the remainder when 27870 is divided by 208.
206
What is the remainder when 3525 is divided by 32?
5
Calculate the remainder when 118549 is divided by 34.
25
Calculate the remainder when 1768247 is divided by 12.
11
Calculate the remainder when 1145 is divided by 798.
347
Calculate the remainder when 29955 is divided by 2637.
948
What is the remainder when 21725 is divided by 153?
152
What is the remainder when 86008 is divided by 10?
8
What is the remainder when 93321 is divided by 33?
30
Calculate the remainder when 3902 is divided by 1254.
140
Calculate the remainder when 11160 is divided by 857.
19
What is the remainder when 297432 is divided by 89?
83
What is the remainder when 1179726 is divided by 27?
15
Calculate the remainder when 8393 is divided 